{"id":229,"date":"2026-03-06T10:55:53","date_gmt":"2026-03-06T03:55:53","guid":{"rendered":"https:\/\/brohgroup.com\/?page_id=229"},"modified":"2026-03-06T11:05:03","modified_gmt":"2026-03-06T04:05:03","slug":"aggregator","status":"publish","type":"page","link":"https:\/\/brohgroup.com\/index.php\/aggregator\/","title":{"rendered":"Tin T\u1ee9c"},"content":{"rendered":"<div class=\"wpra-display align\" data-display-id=\"1\" hx-target=\"this\" hx-swap=\"outerHTML\">    <div class=\"wp-rss-aggregator wpra-list-template \">\n        <ul class=\"rss-aggregator wpra-item-list wpra-item-list--bullets wpra-item-list--default\" start=\"1\">\n                <li class=\"wpra-item feed-item \">\n        <a href=\"https:\/\/dantri.com.vn\/bat-dong-san\/horea-de-xuat-bo-du-thao-loi-nhuan-15-voi-nha-o-thuong-mai-gia-hop-ly-20260306210626023.htm\" class=\"\" target=\"_blank\" rel=\"noopener noreferrer nofollow\" style=\"\">HoREA \u0111\u1ec1 xu\u1ea5t b\u1ecf d\u1ef1 th\u1ea3o l\u1ee3i nhu\u1eadn 15% v\u1edbi nh\u00e0 \u1edf th\u01b0\u01a1ng m\u1ea1i gi\u00e1 h\u1ee3p l\u00fd<\/a>\n\n        <div class=\"wprss-feed-meta\">\n                <span class=\"feed-source\">\n        Source:  <a href=\"https:\/\/dantri.com.vn\/rss\/bat-dong-san.rss\" class=\"\" target=\"_blank\" rel=\"noopener noreferrer nofollow\" style=\"\">Tin t\u1ee9c th\u1ecb tr\u01b0\u1eddng b\u1ea5t \u0111\u1ed9ng s\u1ea3n, nh\u00e0 \u0111\u1ea5t, d\u1ef1 \u00e1n m\u1edbi<\/a>\n    <\/span>\n                <span class=\"feed-date\">\n        Date:  2026-03-07\n    <\/span>\n            <span class=\"feed-author\">By Kh\u1ed5ng Chi\u00eam<\/span>\n        <\/div>\n\n        \n    <\/li>    <li class=\"wpra-item feed-item \">\n        <a href=\"https:\/\/dantri.com.vn\/bat-dong-san\/6-cay-canh-la-trai-tim-giup-goc-nha-ban-them-lang-man-20260306095634283.htm\" class=\"\" target=\"_blank\" rel=\"noopener noreferrer nofollow\" style=\"\">6 c\u00e2y c\u1ea3nh l\u00e1 tr\u00e1i tim gi\u00fap g\u00f3c nh\u00e0 b\u1ea1n th\u00eam l\u00e3ng m\u1ea1n<\/a>\n\n        <div class=\"wprss-feed-meta\">\n                <span class=\"feed-source\">\n        Source:  <a href=\"https:\/\/dantri.com.vn\/rss\/bat-dong-san.rss\" class=\"\" target=\"_blank\" rel=\"noopener noreferrer nofollow\" style=\"\">Tin t\u1ee9c th\u1ecb tr\u01b0\u1eddng b\u1ea5t \u0111\u1ed9ng s\u1ea3n, nh\u00e0 \u0111\u1ea5t, d\u1ef1 \u00e1n m\u1edbi<\/a>\n    <\/span>\n                <span class=\"feed-date\">\n        Date:  2026-03-06\n    <\/span>\n            <span class=\"feed-author\">By C\u1ea9m H\u00e0<\/span>\n        <\/div>\n\n        \n    <\/li>    <li class=\"wpra-item feed-item \">\n        <a href=\"https:\/\/dantri.com.vn\/bat-dong-san\/12-toa-thap-nhin-thang-sang-lotte-mall-ma-sunshine-dinh-xay-co-gi-dac-biet-20260303103533377.htm\" class=\"\" target=\"_blank\" rel=\"noopener noreferrer nofollow\" style=\"\">12 t\u00f2a th\u00e1p nh\u00ecn th\u1eb3ng sang Lotte Mall m\u00e0 Sunshine \u0111\u1ecbnh x\u00e2y c\u00f3 g\u00ec \u0111\u1eb7c bi\u1ec7t?<\/a>\n\n        <div class=\"wprss-feed-meta\">\n                <span class=\"feed-source\">\n        Source:  <a href=\"https:\/\/dantri.com.vn\/rss\/bat-dong-san.rss\" class=\"\" target=\"_blank\" rel=\"noopener noreferrer nofollow\" style=\"\">Tin t\u1ee9c th\u1ecb tr\u01b0\u1eddng b\u1ea5t \u0111\u1ed9ng s\u1ea3n, nh\u00e0 \u0111\u1ea5t, d\u1ef1 \u00e1n m\u1edbi<\/a>\n    <\/span>\n                <span class=\"feed-date\">\n        Date:  2026-03-06\n    <\/span>\n            <span class=\"feed-author\">By V\u0103n H\u01b0ng<\/span>\n        <\/div>\n\n        \n    <\/li>    <li class=\"wpra-item feed-item \">\n        <a href=\"https:\/\/dantri.com.vn\/kinh-doanh\/cac-dai-gia-bat-dong-san-cung-vay-ngan-hang-toi-14nam-20260306101801440.htm\" class=\"\" target=\"_blank\" rel=\"noopener noreferrer nofollow\" style=\"\">C\u00e1c \u0111\u1ea1i gia b\u1ea5t \u0111\u1ed9ng s\u1ea3n c\u0169ng vay ng\u00e2n h\u00e0ng t\u1edbi 14%\/n\u0103m<\/a>\n\n        <div class=\"wprss-feed-meta\">\n                <span class=\"feed-source\">\n        Source:  <a href=\"https:\/\/dantri.com.vn\/rss\/bat-dong-san.rss\" class=\"\" target=\"_blank\" rel=\"noopener noreferrer nofollow\" style=\"\">Tin t\u1ee9c th\u1ecb tr\u01b0\u1eddng b\u1ea5t \u0111\u1ed9ng s\u1ea3n, nh\u00e0 \u0111\u1ea5t, d\u1ef1 \u00e1n m\u1edbi<\/a>\n    <\/span>\n                <span class=\"feed-date\">\n        Date:  2026-03-06\n    <\/span>\n            <span class=\"feed-author\">By Kh\u1ed5ng Chi\u00eam<\/span>\n        <\/div>\n\n        \n    <\/li>    <li class=\"wpra-item feed-item \">\n        <a href=\"https:\/\/dantri.com.vn\/bat-dong-san\/gia-can-ho-quanh-tphcm-tang-manh-sau-giai-doan-sap-nhap-20260306064854456.htm\" class=\"\" target=\"_blank\" rel=\"noopener noreferrer nofollow\" style=\"\">Gi\u00e1 c\u0103n h\u1ed9 quanh TPHCM t\u0103ng m\u1ea1nh sau giai \u0111o\u1ea1n s\u00e1p nh\u1eadp<\/a>\n\n        <div class=\"wprss-feed-meta\">\n                <span class=\"feed-source\">\n        Source:  <a href=\"https:\/\/dantri.com.vn\/rss\/bat-dong-san.rss\" class=\"\" target=\"_blank\" rel=\"noopener noreferrer nofollow\" style=\"\">Tin t\u1ee9c th\u1ecb tr\u01b0\u1eddng b\u1ea5t \u0111\u1ed9ng s\u1ea3n, nh\u00e0 \u0111\u1ea5t, d\u1ef1 \u00e1n m\u1edbi<\/a>\n    <\/span>\n                <span class=\"feed-date\">\n        Date:  2026-03-06\n    <\/span>\n            <span class=\"feed-author\">By Kh\u1ed5ng Chi\u00eam<\/span>\n        <\/div>\n\n        \n    <\/li>\n        <\/ul>\n    <\/div> <\/div>","protected":false},"excerpt":{"rendered":"","protected":false},"author":1,"featured_media":0,"parent":0,"menu_order":0,"comment_status":"closed","ping_status":"closed","template":"","meta":{"_vp_format_video_url":"","_vp_image_focal_point":[],"footnotes":""},"class_list":["post-229","page","type-page","status-publish","hentry"],"_links":{"self":[{"href":"https:\/\/brohgroup.com\/index.php\/wp-json\/wp\/v2\/pages\/229","targetHints":{"allow":["GET"]}}],"collection":[{"href":"https:\/\/brohgroup.com\/index.php\/wp-json\/wp\/v2\/pages"}],"about":[{"href":"https:\/\/brohgroup.com\/index.php\/wp-json\/wp\/v2\/types\/page"}],"author":[{"embeddable":true,"href":"https:\/\/brohgroup.com\/index.php\/wp-json\/wp\/v2\/users\/1"}],"replies":[{"embeddable":true,"href":"https:\/\/brohgroup.com\/index.php\/wp-json\/wp\/v2\/comments?post=229"}],"version-history":[{"count":3,"href":"https:\/\/brohgroup.com\/index.php\/wp-json\/wp\/v2\/pages\/229\/revisions"}],"predecessor-version":[{"id":237,"href":"https:\/\/brohgroup.com\/index.php\/wp-json\/wp\/v2\/pages\/229\/revisions\/237"}],"wp:attachment":[{"href":"https:\/\/brohgroup.com\/index.php\/wp-json\/wp\/v2\/media?parent=229"}],"curies":[{"name":"wp","href":"https:\/\/api.w.org\/{rel}","templated":true}]}}